at is the greatest common divisor of 1296 and 20?
4
Calculate the greatest common divisor of 107 and 3103.
107
What is the greatest common factor of 1728 and 54?
54
What is the greatest common factor of 72 and 1128?
24
Calculate the greatest common factor of 605 and 2255.
55
Calculate the greatest common factor of 183 and 305.
61
What is the greatest common factor of 35 and 4?
1
Calculate the greatest common factor of 9 and 927.
9
What is the highest common factor of 15 and 40?
5
What is the highest common factor of 2875 and 500?
125
What is the highest common factor of 1064 and 56?
56
Calculate the highest common factor of 638 and 696.
58
Calculate the highest common divisor of 13030 and 5.
5
What is the highest common divisor of 2 and 9?
1
Calculate the greatest common factor of 1092 and 252.
84
What is the greatest common divisor of 70 and 70?
70
Calculate the greatest common factor of 25 and 1805.
5
Calculate the greatest common factor of 70 and 20.
10
What is the greatest common divisor of 3176 and 32?
8
What is the highest common factor of 74 and 1998?
74
What is the highest common factor of 250 and 2?
2
What is the greatest common factor of 896 and 28?
28
What is the greatest common factor of 80 and 80?
80
Calculate the highest common divisor of 91 and 208.
13
Calculate the highest common divisor of 270 and 100.
10
What is the highest common factor of 11 and 373?
1
What is the highest common divisor of 1204 and 49?
7
What is the greatest common factor of 234 and 3861?
117
What is the greatest common factor of 90 and 4635?
45
What is the greatest common divisor of 1939 and 21?
7
Calculate the highest common divisor of 12980 and 165.
55
Calculate the highest common factor of 112 and 140.
28
Calculate the highest common factor of 104 and 1183.
13
Calculate the greatest common factor of 3 and 33.
3
What is the highest common factor of 776 and 220?
4
Calculate the highest common factor of 1 and 1196.
1
Calculate the highest common factor of 33 and 15411.
33
What is the greatest common divisor of 1536 and 12?
12
Calculate the highest common divisor of 868 and 1148.
28
What is the highest common factor of 1738 and 22?
22
Calculate the highest common divisor of 81 and 567.
81
Calculate the highest common divisor of 10 and 10.
10
What is the greatest common factor of 820 and 20?
20
Calculate the highest common divisor of 165 and 110.
55
Calculate the greatest common factor of 684 and 504.
36
What is the highest common divisor of 2 and 6?
2
Calculate the highest common factor of 259 and 119.
7
Calculate the highest common divisor of 20 and 10240.
20
What is the greatest common divisor of 19 and 608?
19
Calculate the greatest common divisor of 713 and 248.
31
What is the greatest common factor of 3337 and 71?
71
What is the greatest common divisor of 14516 and 608?
76
What is the highest common factor of 25 and 195?
5
Calculate the greatest common factor of 42 and 26194.
14
What is the highest common factor of 42 and 9618?
42
What is the highest common factor of 22 and 8371?
11
Calculate the highest common factor of 1507 and 274.
137
Calculate the highest common divisor of 162 and 6.
6
Calculate the highest common factor of 45 and 10.
5
What is the highest common factor of 273 and 312?
39
Calculate the highest common divisor of 5558 and 7.
7
Calculate the highest common divisor of 368 and 69.
23
Calculate the greatest common divisor of 135 and 3600.
45
What is the highest common factor of 26 and 26?
26
Calculate the greatest common factor of 612 and 136.
68
What is the highest common divisor of 168 and 104?
8
What is the greatest common factor of 78 and 2886?
78
Calculate the greatest common factor of 603 and 36.
9
Calculate the highest common factor of 9 and 43083.
9
Calculate the highest common factor of 29 and 493.
29
What is the highest common divisor of 1495 and 1725?
115
What is the highest common divisor of 13 and 8125?
13
Calculate the greatest common divisor of 2912 and 9100.
364
What is the highest common factor of 36 and 909?
9
Calculate the highest common divisor of 82 and 205.
41
Calculate the greatest common divisor of 9 and 243.
9
Calculate the highest common factor of 18 and 366.
6
Calculate the greatest common factor of 272 and 612.
68
What is the greatest common factor of 100 and 75?
25
What is the highest common factor of 240 and 1500?
60
What is the greatest common factor of 43 and 2279?
43
What is the highest common factor of 371 and 1431?
53
What is the highest common divisor of 309 and 103?
103
What is the highest common factor of 688 and 32?
16
Calculate the greatest common factor of 8366 and 282.
94
What is the highest common factor of 7216 and 154?
22
What is the highest common factor of 258 and 688?
86
What is the greatest common divisor of 320 and 20?
20
What is the greatest common factor of 1120 and 8?
8
Calculate the greatest common divisor of 47 and 16.
1
What is the highest common factor of 118 and 10384?
118
Calculate the highest common factor of 351 and 156.
39
Calculate the highest common divisor of 87 and 116.
29
What is the greatest common divisor of 18 and 135?
9
Calculate the highest common factor of 221 and 119.
17
What is the greatest common factor of 4 and 756?
4
What is the greatest common divisor of 9018 and 54?
54
Calculate the greatest common factor of 3 and 2193.
3
What is the greatest common factor of 2509 and 579?
193
What is the greatest common divisor of 4176 and 58?
58
Calculate the greatest common divisor of 48 and 176.
16
What is the greatest common factor of 35934 and 636?
318
What is the highest common factor of 3439 and 19?
19
What is the highest common factor of 143 and 377?
13
Calculate the highest common divisor of 5 and 4805.
5
What is the highest common factor of 1284 and 84?
12
What is the greatest common divisor of 2782 and 130?
26
Calculate the highest common factor of 49305 and 95.
95
What is the highest common divisor of 800 and 900?
100
Calculate the highest common divisor of 486 and 189.
27
What is the greatest common divisor of 4263 and 1470?
147
Calculate the greatest common factor of 1215 and 15.
15
What is the greatest common divisor of 8027 and 23?
23
Calculate the greatest common divisor of 276 and 345.
69
Calculate the highest common divisor of 121 and 121.
121
Calculate the highest common factor of 76064 and 32.
32
Calculate the highest common factor of 11533 and 38.
19
Calculate the greatest common divisor of 24 and 32.
8
What is the greatest common factor of 26 and 169?
13
What is the highest common divisor of 938 and 378?
14
What is the highest common factor of 14 and 1141?
7
Calculate the greatest common factor of 1215 and 15.
15
What is the greatest common divisor of 66 and 550?
22
What is the highest common factor of 124 and 8122?
62
Calculate the highest common divisor of 24 and 1108.
4
What is the highest common factor of 1945 and 10?
5
Calculate the greatest common factor of 592 and 80.
16
Calculate the greatest common factor of 777 and 1134.
21
Calculate the highest common divisor of 411 and 10823.
137
Calculate the greatest common divisor of 60 and 320.
20
Calculate the highest common divisor of 639 and 497.
71
Calculate the highest common divisor of 38 and 95.
19
What is the greatest common factor of 8 and 184?
8
What is the greatest common divisor of 105 and 21?
21
Calculate the highest common divisor of 66 and 275.
11
What is the greatest common factor of 400 and 120?
40
What is the greatest common factor of 7 and 205?
1
Calculate the greatest common divisor of 2170 and 15624.
434
What is the highest common factor of 144 and 240?
48
Calculate the greatest common factor of 74 and 14.
2
Calculate the highest common factor of 253 and 3473.
23
Calculate the highest common divisor of 118 and 21122.
118
What is the highest common divisor of 747 and 332?
83
Calculate the greatest common factor of 10 and 90.
10
What is the highest common divisor of 10 and 970?
10
Calculate the highest common divisor of 4608 and 18.
18
Calculate the greatest common divisor of 66 and 6.
6
What is the highest common factor of 2 and 62?
2
What is the greatest common divisor of 864 and 27?
27
Calculate the greatest common factor of 375 and 45.
15
Calculate the highest common divisor